actors of 14146.
2, 11, 643
List the prime factors of 22361466.
2, 3, 3726911
What are the prime factors of 4714796?
2, 1178699
What are the prime factors of 6905262?
2, 3, 7, 13, 12647
What are the prime factors of 126345?
3, 5, 8423
List the prime factors of 590793.
3, 7, 4019
What are the prime factors of 29401?
29401
List the prime factors of 1844876.
2, 11, 23, 1823
What are the prime factors of 7473?
3, 47, 53
What are the prime factors of 7527233?
7, 23, 6679
List the prime factors of 497465.
5, 37, 2689
List the prime factors of 548336.
2, 43, 797
List the prime factors of 10069553.
13, 211, 3671
What are the prime factors of 1766479?
11, 13, 1123
What are the prime factors of 269166?
2, 3, 113, 397
What are the prime factors of 7628533?
11, 693503
What are the prime factors of 16306664?
2, 11, 185303
What are the prime factors of 14821019?
14821019
List the prime factors of 314597.
314597
What are the prime factors of 32651?
103, 317
What are the prime factors of 606566?
2, 303283
What are the prime factors of 11942239?
743, 16073
List the prime factors of 1984307.
13, 152639
List the prime factors of 5174606.
2, 47, 55049
List the prime factors of 772647.
3, 29, 83, 107
What are the prime factors of 2710869?
3, 7, 129089
What are the prime factors of 935115?
3, 5, 31, 2011
What are the prime factors of 1926743?
7, 13, 31, 683
What are the prime factors of 285347?
433, 659
List the prime factors of 193866.
2, 3, 79, 409
List the prime factors of 552880.
2, 5, 6911
List the prime factors of 628651.
628651
List the prime factors of 2714257.
7, 13, 4261
What are the prime factors of 280491?
3, 93497
What are the prime factors of 427648?
2, 13, 257
What are the prime factors of 4302963?
3, 7, 7589
List the prime factors of 600666.
2, 3, 11, 19, 479
What are the prime factors of 1008986?
2, 11, 45863
What are the prime factors of 129460?
2, 5, 6473
What are the prime factors of 831838?
2, 7, 59417
What are the prime factors of 8219711?
8219711
List the prime factors of 26521571.
53, 83, 6029
What are the prime factors of 161149?
161149
What are the prime factors of 7150671?
3, 11, 72229
What are the prime factors of 2401571?
2401571
What are the prime factors of 225952?
2, 23, 307
List the prime factors of 4822316.
2, 1093, 1103
What are the prime factors of 4412297?
23, 41, 4679
List the prime factors of 178894.
2, 23, 3889
What are the prime factors of 1487082?
2, 3, 247847
What are the prime factors of 1854830?
2, 5, 185483
What are the prime factors of 14497?
7, 19, 109
List the prime factors of 351131.
11, 137, 233
What are the prime factors of 2331985?
5, 73, 6389
List the prime factors of 349885.
5, 19, 29, 127
What are the prime factors of 275519?
17, 19, 853
What are the prime factors of 2836404?
2, 3, 26263
List the prime factors of 3102405.
3, 5, 206827
List the prime factors of 2681066.
2, 31, 83, 521
List the prime factors of 3705164.
2, 557, 1663
List the prime factors of 428564.
2, 19, 5639
What are the prime factors of 30115949?
29, 233, 4457
List the prime factors of 749101.
283, 2647
What are the prime factors of 130596?
2, 3, 10883
What are the prime factors of 2276316?
2, 3, 7, 3011
What are the prime factors of 12042772?
2, 7, 29, 14831
What are the prime factors of 219214?
2, 43, 2549
What are the prime factors of 37740084?
2, 3, 431, 7297
What are the prime factors of 844347?
3, 7, 31, 1297
What are the prime factors of 479834?
2, 29, 8273
What are the prime factors of 1640246?
2, 41, 83, 241
List the prime factors of 7822430.
2, 5, 7, 11, 10159
List the prime factors of 682766.
2, 7, 6967
What are the prime factors of 29892453?
3, 19, 524429
List the prime factors of 2778671.
7, 396953
List the prime factors of 2797076.
2, 23, 30403
What are the prime factors of 29984852?
2, 131, 57223
What are the prime factors of 21996190?
2, 5, 503, 4373
What are the prime factors of 11051966?
2, 701, 7883
What are the prime factors of 2320380?
2, 3, 5, 4297
What are the prime factors of 128040?
2, 3, 5, 11, 97
List the prime factors of 394367.
394367
What are the prime factors of 712597?
31, 127, 181
List the prime factors of 882758.
2, 59, 7481
What are the prime factors of 8848324?
2, 2212081
List the prime factors of 125965.
5, 7, 59, 61
What are the prime factors of 429384?
2, 3, 17891
List the prime factors of 779591.
779591
List the prime factors of 109942.
2, 7, 7853
List the prime factors of 858472.
2, 107309
What are the prime factors of 319360?
2, 5, 499
What are the prime factors of 21092461?
13, 17, 95441
List the prime factors of 69907.
53, 1319
What are the prime factors of 3749404?
2, 937351
List the prime factors of 2750560.
2, 5, 17191
List the prime factors of 89174.
2, 44587
List the prime factors of 13499865.
3, 5, 41, 271
What are the prime factors of 351791?
11, 31981
List the prime factors of 214333.
7, 67, 457
What are the prime factors of 3236348?
2, 809087
List the prime factors of 1884946.
2, 7, 134639
List the prime factors of 3937.
31, 127
What are the prime factors of 934318?
2, 7, 11, 6067
List the prime factors of 4906477.
67, 1093
What are the prime factors of 427773?
3, 142591
What are the prime factors of 6549?
3, 37, 59
List the prime factors of 338620.
2, 5, 16931
List the prime factors of 191010.
2, 3, 5, 6367
What are the prime factors of 19733020?
2, 5, 19, 51929
List the prime factors of 655608.
2, 3, 59, 463
What are the prime factors of 340702?
2, 170351
List the prime factors of 14408252.
2, 409, 8807
What are the prime factors of 1473991?
41, 35951
List the prime factors of 1934993.
1934993
List the prime factors of 865668.
2, 3, 72139
List the prime factors of 4954531.
17, 291443
What are the prime factors of 341055?
3, 5, 11, 13, 53
What are the prime factors of 1044052?
2, 261013
List the prime factors of 4291330.
2, 5, 31, 109, 127
List the prime factors of 27356701.
2711, 10091
What are the prime factors of 237117?
3, 79039
List the prime factors of 8339131.
8339131
What are the prime factors of 2475525?
3, 5, 13, 2539
List the prime factors of 7847032.
2, 419, 2341
What are the prime factors of 1631574?
2, 3, 7, 23, 563
List the prime factors of 9482002.
2, 307, 15443
List the prime factors of 105566.
2, 52783
List the prime factors of 642494.
2, 321247
List the prime factors of 638161.
638161
What are the prime factors of 2165902?
2, 17, 63703
List the prime factors of 316405.
5, 63281
What are the prime factors of 3506822?
2, 11, 43, 337
List the prime factors of 357930.
2, 3, 5, 41, 97
What are the prime factors of 695070?
2, 3, 5, 7723
What are the prime factors of 25947572?
2, 7, 47, 19717
What are the prime factors of 790375?
5, 6323
List the prime factors of 12454.
2, 13, 479
What are the prime factors of 161541?
3, 31, 193
What are the prime factors of 92868?
2, 3, 71, 109
List the prime factors of 207002.
2, 29, 43, 83
What are the prime factors of 19445785?
5, 3889157
List the prime factors of 249965.
5, 49993
What are the prime factors of 27096149?
43, 463, 1361
List the prime factors of 10602509.
17, 623677
What are the prime factors of 63508?
2, 15877
What are the prime factors of 73612?
2, 7, 11, 239
List the prime factors of 1496798.
2, 37, 113, 179
What are the prime factors of 40420246?
2, 23, 73, 12037
What are the prime factors of 19893370?
2, 5, 7, 284191
List the prime factors of 810546.
2, 3, 11, 12281
List the prime factors of 18667097.
29, 643693
What are the prime factors of 825747?
3, 13, 31, 683
What are the prime factors of 212565?
3, 5, 37, 383
What are the prime factors of 9832900?
2, 5, 7, 11, 1277
What are the prime factors of 170551?
170551
What are the prime factors of 11522688?
2, 3, 37, 811
What are the prime factors of 2143605?
3, 5, 142907
List the prime factors of 1596904.
2, 433, 461
List the prime factors of 6042215.
5, 23, 52541
What are the prime factors of 2723619?
3, 761, 1193
List the prime factors of 23036.
2, 13, 443
What are the prime factors of 150876?
2, 3, 11, 127
List the prime factors of 107859.
3, 157, 229
List the prime factors of 19492408.
2, 13, 23, 29, 281
List the prime factors of 363152.
2, 22697
List the prime factors of 2769106.
2, 31, 59, 757
What are the prime factors of 8417638?
2, 353, 11923
List the prime f